{"id":9850,"date":"2025-01-14T10:32:51","date_gmt":"2025-01-14T10:32:51","guid":{"rendered":"https:\/\/www.stjarnkliniken.com\/linkoping\/?page_id=9850"},"modified":"2025-01-17T10:30:01","modified_gmt":"2025-01-17T10:30:01","slug":"naprapat","status":"publish","type":"page","link":"https:\/\/www.stjarnkliniken.com\/linkoping\/naprapat\/","title":{"rendered":"Boka naprapat i Link\u00f6ping"},"content":{"rendered":"\n<div class=\"wp-block-group alignfull has-yellow-100-background-color has-background is-layout-flow wp-block-group-is-layout-flow\">\n\n<div class=\"wp-block-qala-blocks-hero alignfull content-position__left content-align__center\" >\n\t<div\n\t\tclass=\"wp-block-qala-blocks-hero__wrapper \"\n\t\tstyle=\" \"\n\t\t>\n\n\t\t\t\t<div\n\t\t\tclass=\"wp-block-qala-blocks-hero__content\"\n\t\t\tdata-width=\"50%\"\n\t\t\tstyle=\" width:50%;  text-align:left;\"\n\t\t\t>\n\t\t\t\n\n<div class=\"wp-block-columns are-vertically-aligned-center is-justified-center is-layout-flex wp-container-core-columns-is-layout-9d6595d7 wp-block-columns-is-layout-flex\">\n<div class=\"wp-block-column is-vertically-aligned-center is-layout-flow wp-block-column-is-layout-flow\" style=\"flex-basis:550px\">\n<div style=\"height:75px\" aria-hidden=\"true\" class=\"wp-block-spacer\"><\/div>\n\n\n\n<h1 class=\"wp-block-heading has-text-align-center wp-block-qala-blocks-hero__heading\" id=\"h-boka-naprapat-i-linkoping\"><em><em>BOKA NAPRAPAT I LINK\u00d6PING<\/em><\/em><\/h1>\n\n\n\n<p class=\"has-text-align-center wp-block-qala-blocks-hero__text has-medium-font-size\">Upplever du sm\u00e4rta och stelhet i muskler eller leder &#8211; f\u00e5 hj\u00e4lp av en av v\u00e5ra naprapater i Link\u00f6ping. Vi anpassar alltid v\u00e5r naprapatbehandling efter dina behov. Vare sig om du upplever akuta eller l\u00e5ngvariga besv\u00e4r kan vi hj\u00e4lpa dig. Boka tid idag och \u00e5terg\u00e5 till en r\u00f6rligare vardag!<\/p>\n<\/div>\n<\/div>\n\n\n\n<div class=\"wp-block-buttons is-horizontal is-content-justification-center is-layout-flex wp-container-core-buttons-is-layout-499968f5 wp-block-buttons-is-layout-flex\">\n<div class=\"wp-block-button wp-block-button\"><a class=\"wp-block-button__link wp-element-button\" href=\"https:\/\/www.stjarnkliniken.com\/boka-nu\/\">Boka tid<\/a><\/div>\n<\/div>\n\n\t\t<\/div>\n\n\t\t\n\t\t<div\n\t\t\tclass=\"wp-block-qala-blocks-hero__media-wrap\"\n\t\t\tstyle=\"aspect-ratio:1100\/733\"\n\t\t\t>\n\n\t\t\t\t\t\t\t<img decoding=\"async\" width=\"1024\" height=\"682\" src=\"https:\/\/www.stjarnkliniken.com\/linkoping\/wp-content\/uploads\/sites\/19\/2023\/11\/o\u0308rebro_a\u030asa_6-1024x682.jpg\" class=\"attachment-large size-large\" alt=\"Naprapati hos Stj\u00e4rnkliniken - naprapat i Link\u00f6ping\" loading=\"lazy\" srcset=\"https:\/\/www.stjarnkliniken.com\/linkoping\/wp-content\/uploads\/sites\/19\/2023\/11\/o\u0308rebro_a\u030asa_6-1024x682.jpg 1024w, https:\/\/www.stjarnkliniken.com\/linkoping\/wp-content\/uploads\/sites\/19\/2023\/11\/o\u0308rebro_a\u030asa_6-300x200.jpg 300w, https:\/\/www.stjarnkliniken.com\/linkoping\/wp-content\/uploads\/sites\/19\/2023\/11\/o\u0308rebro_a\u030asa_6-266x178.jpg 266w, https:\/\/www.stjarnkliniken.com\/linkoping\/wp-content\/uploads\/sites\/19\/2023\/11\/o\u0308rebro_a\u030asa_6-710x473.jpg 710w, https:\/\/www.stjarnkliniken.com\/linkoping\/wp-content\/uploads\/sites\/19\/2023\/11\/o\u0308rebro_a\u030asa_6-268x178.jpg 268w, https:\/\/www.stjarnkliniken.com\/linkoping\/wp-content\/uploads\/sites\/19\/2023\/11\/o\u0308rebro_a\u030asa_6-450x300.jpg 450w, https:\/\/www.stjarnkliniken.com\/linkoping\/wp-content\/uploads\/sites\/19\/2023\/11\/o\u0308rebro_a\u030asa_6-780x520.jpg 780w, https:\/\/www.stjarnkliniken.com\/linkoping\/wp-content\/uploads\/sites\/19\/2023\/11\/o\u0308rebro_a\u030asa_6.jpg 1100w\" sizes=\"auto, (max-width: 1024px) 100vw, 1024px\" \/>\t\t\t\n\t\t\t\t\t\t\n\t\t\t\t\t\t\t<div\n\t\t\t\t\tclass=\"overlay\"\n\t\t\t\t\tstyle=\"opacity:70%; \"\n\t\t\t\t><\/div>\n\t\t\t\n\t\t<\/div>\n\t<\/div>\n<\/div>\n<\/div>\n\n\n\n<div style=\"height:100px\" aria-hidden=\"true\" class=\"wp-block-spacer\"><\/div>\n\n\n\n<h2 class=\"wp-block-heading has-text-align-center has-large-font-size\" id=\"h-sa-gar-en-naprapatbehandling-till\">S\u00e5 g\u00e5r en naprapatbehandling till<\/h2>\n\n\n\n<p>N\u00e4r du bokar en tid hos oss b\u00f6rjar vi med att lyssna p\u00e5 dig och unders\u00f6ka vad som orsakar dina besv\u00e4r. Behandlingen kan inneh\u00e5lla tekniker som massage, ledjusteringar, stretching och \u00f6vningar som hj\u00e4lper dig att bli smidigare och minska sm\u00e4rta.<\/p>\n\n\n\n<p><strong>Vi hj\u00e4lper dig med:<\/strong><\/p>\n\n\n\n<ul class=\"wp-block-list\">\n<li><strong>Ryggont<\/strong>: Sm\u00e4rta eller stelhet i l\u00e4ndrygg eller br\u00f6strygg.<\/li>\n\n\n\n<li><strong>Nackbesv\u00e4r<\/strong>: Sp\u00e4nningar, stelhet eller sm\u00e4rta i nacken.<\/li>\n\n\n\n<li><strong>Axelproblem<\/strong>: Obehag och begr\u00e4nsad r\u00f6relse i axelleden.<\/li>\n\n\n\n<li><strong>Idrottsskador<\/strong>: Skador som uppst\u00e5r vid tr\u00e4ning eller fysisk aktivitet.<\/li>\n\n\n\n<li><strong>Ischias<\/strong>: Str\u00e5lande sm\u00e4rta fr\u00e5n ryggen ner i benet.<\/li>\n\n\n\n<li><strong>Huvudv\u00e4rk<\/strong>: Sp\u00e4nningshuvudv\u00e4rk som ofta beror p\u00e5 stelhet i nacke och axlar.<\/li>\n\n\n\n<li><strong>Stela muskler och leder<\/strong>: Stelhet som g\u00f6r det sv\u00e5rt att r\u00f6ra sig fritt.<\/li>\n<\/ul>\n\n\n\n<div style=\"height:100px\" aria-hidden=\"true\" class=\"wp-block-spacer\"><\/div>\n\n\n\n<div class=\"wp-block-group alignfull has-yellow-100-background-color has-background is-layout-flow wp-block-group-is-layout-flow\">\n<div class=\"wp-block-columns is-layout-flex wp-container-core-columns-is-layout-9d6595d7 wp-block-columns-is-layout-flex\">\n<div class=\"wp-block-column is-layout-flow wp-block-column-is-layout-flow\" style=\"flex-basis:25%\"><\/div>\n\n\n\n<div class=\"wp-block-column is-layout-flow wp-block-column-is-layout-flow\" style=\"padding-right:var(--wp--preset--spacing--20);padding-left:var(--wp--preset--spacing--20);flex-basis:50%\">\n<div style=\"height:29px\" aria-hidden=\"true\" class=\"wp-block-spacer\"><\/div>\n\n\n\n<h2 class=\"wp-block-heading has-text-align-center\" id=\"h-vad-sager-vara-kunder\">Vad s\u00e4ger v\u00e5ra kunder?<\/h2>\n\n\n\n<p>Vi \u00e4r stolta \u00f6ver att v\u00e5ra kunder uppskattar den hj\u00e4lp de f\u00e5tt hos oss. M\u00e5nga ber\u00e4ttar om hur v\u00e5ra behandlingar har gjort skillnad i deras vardag \u2013 n\u00e5got vi tycker \u00e4r det b\u00e4sta betyget vi kan f\u00e5. L\u00e4s v\u00e5ra recensioner!<\/p>\n\n\n\n<div style=\"overflow:hidden;max-width:100%;width:750px;height:350px;margin:0 auto\"><div id=\"google-maps-canvas\" style=\"height:100%;width:100%;max-width:100%\"><\/div><a class=\"embedded-map-code\" href=\"https:\/\/www.bootstrapskins.com\/themes\" id=\"get-data-for-embed-map\">premium bootstrap themes<\/a>#google-maps-canvas img.text-marker{max-width:none!important;background:none!important;}img{max-width:none}<\/div>\n\n\n\n<div style=\"height:29px\" aria-hidden=\"true\" class=\"wp-block-spacer\"><\/div>\n<\/div>\n\n\n\n<div class=\"wp-block-column is-layout-flow wp-block-column-is-layout-flow\" style=\"flex-basis:25%\"><\/div>\n<\/div>\n<\/div>\n\n\n\n<div style=\"height:100px\" aria-hidden=\"true\" class=\"wp-block-spacer\"><\/div>\n\n\n\n<h2 class=\"wp-block-heading has-text-align-center\" id=\"h-boka-din-tid-redan-idag\">Boka din tid redan idag!<\/h2>\n\n\n\n<p>V\u00e4nta inte med att ta tag i dina besv\u00e4r \u2013 boka en tid redan idag och ta f\u00f6rsta steget mot en sm\u00e4rtfri och r\u00f6rligare vardag. Vi ser fram emot att hj\u00e4lpa dig!<\/p>\n\n\n\n<div class=\"wp-block-buttons is-horizontal is-content-justification-center is-layout-flex wp-container-core-buttons-is-layout-499968f5 wp-block-buttons-is-layout-flex\">\n<div class=\"wp-block-button wp-block-button\"><a class=\"wp-block-button__link wp-element-button\" href=\"https:\/\/www.stjarnkliniken.com\/boka-nu\/\">Boka tid<\/a><\/div>\n<\/div>\n\n\n\n<div style=\"height:100px\" aria-hidden=\"true\" class=\"wp-block-spacer\"><\/div>\n","protected":false},"excerpt":{"rendered":"<p>BOKA NAPRAPAT I LINK\u00d6PING. Upplever du sm\u00e4rta och stelhet i muskler eller leder &#8211; f\u00e5 hj\u00e4lp av en av v\u00e5ra naprapater i Link\u00f6ping. Vi anpassar alltid v\u00e5r naprapatbehandling efter dina behov<\/p>\n","protected":false},"author":123,"featured_media":0,"parent":0,"menu_order":0,"comment_status":"closed","ping_status":"closed","template":"","meta":{"_acf_changed":false,"footnotes":""},"class_list":["post-9850","page","type-page","status-publish","hentry"],"acf":[],"yoast_head":"<!-- This site is optimized with the Yoast SEO Premium plugin v22.6 (Yoast SEO v22.6) - https:\/\/yoast.com\/wordpress\/plugins\/seo\/ -->\n<title>Naprapat i Link\u00f6ping - Lindra sm\u00e4rta och stelhet i muskler<\/title>\n<meta name=\"description\" content=\"\u00c5terg\u00e5 till en sm\u00e4rtfri och r\u00f6rlig vardag med v\u00e5ra naprapatbehandlingar. Bes\u00f6k v\u00e5r naprapatklinik idag och m\u00e5 b\u00e4ttre imorgon. Boka din tid h\u00e4r!\" \/>\n<meta name=\"robots\" content=\"index, follow, max-snippet:-1, max-image-preview:large, max-video-preview:-1\" \/>\n<link rel=\"canonical\" href=\"https:\/\/www.stjarnkliniken.com\/linkoping\/naprapat\/\" \/>\n<meta property=\"og:locale\" content=\"sv_SE\" \/>\n<meta property=\"og:type\" content=\"article\" \/>\n<meta property=\"og:title\" content=\"Boka naprapat i Link\u00f6ping\" \/>\n<meta property=\"og:description\" content=\"\u00c5terg\u00e5 till en sm\u00e4rtfri och r\u00f6rlig vardag med v\u00e5ra naprapatbehandlingar. Bes\u00f6k v\u00e5r naprapatklinik idag och m\u00e5 b\u00e4ttre imorgon. Boka din tid h\u00e4r!\" \/>\n<meta property=\"og:url\" content=\"https:\/\/www.stjarnkliniken.com\/linkoping\/naprapat\/\" \/>\n<meta property=\"og:site_name\" content=\"Link\u00f6ping\" \/>\n<meta property=\"article:modified_time\" content=\"2025-01-17T10:30:01+00:00\" \/>\n<meta name=\"twitter:card\" content=\"summary_large_image\" \/>\n<meta name=\"twitter:label1\" content=\"Ber\u00e4knad l\u00e4stid\" \/>\n\t<meta name=\"twitter:data1\" content=\"2 minuter\" \/>\n<script type=\"application\/ld+json\" class=\"yoast-schema-graph\">{\"@context\":\"https:\/\/schema.org\",\"@graph\":[{\"@type\":\"WebPage\",\"@id\":\"https:\/\/www.stjarnkliniken.com\/linkoping\/naprapat\/\",\"url\":\"https:\/\/www.stjarnkliniken.com\/linkoping\/naprapat\/\",\"name\":\"Naprapat i Link\u00f6ping - Lindra sm\u00e4rta och stelhet i muskler\",\"isPartOf\":{\"@id\":\"https:\/\/www.stjarnkliniken.com\/linkoping\/#website\"},\"datePublished\":\"2025-01-14T10:32:51+00:00\",\"dateModified\":\"2025-01-17T10:30:01+00:00\",\"description\":\"\u00c5terg\u00e5 till en sm\u00e4rtfri och r\u00f6rlig vardag med v\u00e5ra naprapatbehandlingar. Bes\u00f6k v\u00e5r naprapatklinik idag och m\u00e5 b\u00e4ttre imorgon. Boka din tid h\u00e4r!\",\"breadcrumb\":{\"@id\":\"https:\/\/www.stjarnkliniken.com\/linkoping\/naprapat\/#breadcrumb\"},\"inLanguage\":\"sv-SE\",\"potentialAction\":[{\"@type\":\"ReadAction\",\"target\":[\"https:\/\/www.stjarnkliniken.com\/linkoping\/naprapat\/\"]}]},{\"@type\":\"BreadcrumbList\",\"@id\":\"https:\/\/www.stjarnkliniken.com\/linkoping\/naprapat\/#breadcrumb\",\"itemListElement\":[{\"@type\":\"ListItem\",\"position\":1,\"name\":\"Hem\",\"item\":\"https:\/\/www.stjarnkliniken.com\/linkoping\/\"},{\"@type\":\"ListItem\",\"position\":2,\"name\":\"Boka naprapat i Link\u00f6ping\"}]},{\"@type\":\"WebSite\",\"@id\":\"https:\/\/www.stjarnkliniken.com\/linkoping\/#website\",\"url\":\"https:\/\/www.stjarnkliniken.com\/linkoping\/\",\"name\":\"Link\u00f6ping\",\"description\":\"Stj\u00e4rnkliniken: Naprapati &amp; massage - ingen v\u00e4ntetid, ingen remiss!\",\"potentialAction\":[{\"@type\":\"SearchAction\",\"target\":{\"@type\":\"EntryPoint\",\"urlTemplate\":\"https:\/\/www.stjarnkliniken.com\/linkoping\/?s={search_term_string}\"},\"query-input\":\"required name=search_term_string\"}],\"inLanguage\":\"sv-SE\"}]}<\/script>\n<!-- \/ Yoast SEO Premium plugin. -->","yoast_head_json":{"title":"Naprapat i Link\u00f6ping - Lindra sm\u00e4rta och stelhet i muskler","description":"\u00c5terg\u00e5 till en sm\u00e4rtfri och r\u00f6rlig vardag med v\u00e5ra naprapatbehandlingar. Bes\u00f6k v\u00e5r naprapatklinik idag och m\u00e5 b\u00e4ttre imorgon. Boka din tid h\u00e4r!","robots":{"index":"index","follow":"follow","max-snippet":"max-snippet:-1","max-image-preview":"max-image-preview:large","max-video-preview":"max-video-preview:-1"},"canonical":"https:\/\/www.stjarnkliniken.com\/linkoping\/naprapat\/","og_locale":"sv_SE","og_type":"article","og_title":"Boka naprapat i Link\u00f6ping","og_description":"\u00c5terg\u00e5 till en sm\u00e4rtfri och r\u00f6rlig vardag med v\u00e5ra naprapatbehandlingar. Bes\u00f6k v\u00e5r naprapatklinik idag och m\u00e5 b\u00e4ttre imorgon. Boka din tid h\u00e4r!","og_url":"https:\/\/www.stjarnkliniken.com\/linkoping\/naprapat\/","og_site_name":"Link\u00f6ping","article_modified_time":"2025-01-17T10:30:01+00:00","twitter_card":"summary_large_image","twitter_misc":{"Ber\u00e4knad l\u00e4stid":"2 minuter"},"schema":{"@context":"https:\/\/schema.org","@graph":[{"@type":"WebPage","@id":"https:\/\/www.stjarnkliniken.com\/linkoping\/naprapat\/","url":"https:\/\/www.stjarnkliniken.com\/linkoping\/naprapat\/","name":"Naprapat i Link\u00f6ping - Lindra sm\u00e4rta och stelhet i muskler","isPartOf":{"@id":"https:\/\/www.stjarnkliniken.com\/linkoping\/#website"},"datePublished":"2025-01-14T10:32:51+00:00","dateModified":"2025-01-17T10:30:01+00:00","description":"\u00c5terg\u00e5 till en sm\u00e4rtfri och r\u00f6rlig vardag med v\u00e5ra naprapatbehandlingar. Bes\u00f6k v\u00e5r naprapatklinik idag och m\u00e5 b\u00e4ttre imorgon. Boka din tid h\u00e4r!","breadcrumb":{"@id":"https:\/\/www.stjarnkliniken.com\/linkoping\/naprapat\/#breadcrumb"},"inLanguage":"sv-SE","potentialAction":[{"@type":"ReadAction","target":["https:\/\/www.stjarnkliniken.com\/linkoping\/naprapat\/"]}]},{"@type":"BreadcrumbList","@id":"https:\/\/www.stjarnkliniken.com\/linkoping\/naprapat\/#breadcrumb","itemListElement":[{"@type":"ListItem","position":1,"name":"Hem","item":"https:\/\/www.stjarnkliniken.com\/linkoping\/"},{"@type":"ListItem","position":2,"name":"Boka naprapat i Link\u00f6ping"}]},{"@type":"WebSite","@id":"https:\/\/www.stjarnkliniken.com\/linkoping\/#website","url":"https:\/\/www.stjarnkliniken.com\/linkoping\/","name":"Link\u00f6ping","description":"Stj\u00e4rnkliniken: Naprapati &amp; massage - ingen v\u00e4ntetid, ingen remiss!","potentialAction":[{"@type":"SearchAction","target":{"@type":"EntryPoint","urlTemplate":"https:\/\/www.stjarnkliniken.com\/linkoping\/?s={search_term_string}"},"query-input":"required name=search_term_string"}],"inLanguage":"sv-SE"}]}},"_links":{"self":[{"href":"https:\/\/www.stjarnkliniken.com\/linkoping\/wp-json\/wp\/v2\/pages\/9850","targetHints":{"allow":["GET"]}}],"collection":[{"href":"https:\/\/www.stjarnkliniken.com\/linkoping\/wp-json\/wp\/v2\/pages"}],"about":[{"href":"https:\/\/www.stjarnkliniken.com\/linkoping\/wp-json\/wp\/v2\/types\/page"}],"author":[{"embeddable":true,"href":"https:\/\/www.stjarnkliniken.com\/linkoping\/wp-json\/wp\/v2\/users\/123"}],"replies":[{"embeddable":true,"href":"https:\/\/www.stjarnkliniken.com\/linkoping\/wp-json\/wp\/v2\/comments?post=9850"}],"version-history":[{"count":5,"href":"https:\/\/www.stjarnkliniken.com\/linkoping\/wp-json\/wp\/v2\/pages\/9850\/revisions"}],"predecessor-version":[{"id":9860,"href":"https:\/\/www.stjarnkliniken.com\/linkoping\/wp-json\/wp\/v2\/pages\/9850\/revisions\/9860"}],"wp:attachment":[{"href":"https:\/\/www.stjarnkliniken.com\/linkoping\/wp-json\/wp\/v2\/media?parent=9850"}],"curies":[{"name":"wp","href":"https:\/\/api.w.org\/{rel}","templated":true}]}}